20.151.131.235 - - [27/Apr/2026:13:46:37 +0000] "GET /.well-known/acme-challenge/index.php HTTP/1.1" 301 - "-" "-"
20.151.131.235 - - [27/Apr/2026:13:46:37 +0000] "GET /.well-known/acme-challenge/ HTTP/1.1" 404 68416 "-" "-"
20.151.131.235 - - [27/Apr/2026:13:46:38 +0000] "GET /wp-includes/blocks/shortcode/index.php HTTP/1.1" 301 - "-" "-"
20.151.131.235 - - [27/Apr/2026:13:46:38 +0000] "GET /wp-includes/blocks/shortcode/ HTTP/1.1" 404 68416 "-" "-"
20.151.131.235 - - [27/Apr/2026:13:46:39 +0000] "GET /wp-includes/images/smilies/ HTTP/1.1" 404 68416 "-" "-"
20.151.131.235 - - [27/Apr/2026:13:46:40 +0000] "GET /cgi-bin/index.php HTTP/1.1" 301 - "-" "-"
20.151.131.235 - - [27/Apr/2026:13:46:41 +0000] "GET /cgi-bin/ HTTP/1.1" 404 68416 "-" "-"
20.151.131.235 - - [27/Apr/2026:13:46:42 +0000] "GET /an.php HTTP/1.1" 404 68416 "-" "-"
20.151.131.235 - - [27/Apr/2026:13:46:43 +0000] "GET /wp-admin/images/ HTTP/1.1" 404 68416 "-" "-"
20.151.131.235 - - [27/Apr/2026:13:46:43 +0000] "GET /404.php HTTP/1.1" 404 68416 "-" "-"
20.151.131.235 - - [27/Apr/2026:13:46:44 +0000] "GET /wp-login.php HTTP/1.1" 200 10714 "-" "-"
20.151.131.235 - - [27/Apr/2026:13:46:45 +0000] "GET /wp-content/uploads/goods.php HTTP/1.1" 404 68416 "-" "-"
20.151.131.235 - - [27/Apr/2026:13:46:46 +0000] "GET /wp-includes/ID3/ HTTP/1.1" 404 68416 "-" "-"
20.151.131.235 - - [27/Apr/2026:13:46:47 +0000] "GET /.well-known/ HTTP/1.1" 404 68416 "-" "-"
20.151.131.235 - - [27/Apr/2026:13:46:47 +0000] "GET /wso.php HTTP/1.1" 404 68416 "-" "-"
20.151.131.235 - - [27/Apr/2026:13:46:48 +0000] "GET /sf.php HTTP/1.1" 404 68416 "-" "-"
20.151.131.235 - - [27/Apr/2026:13:46:49 +0000] "GET /index/function.php HTTP/1.1" 404 68416 "-" "-"
20.151.131.235 - - [27/Apr/2026:13:46:50 +0000] "GET /edit.php HTTP/1.1" 404 68416 "-" "-"
20.151.131.235 - - [27/Apr/2026:13:46:51 +0000] "GET /wp-includes/rest-api/ HTTP/1.1" 404 68416 "-" "-"
20.151.131.235 - - [27/Apr/2026:13:46:52 +0000] "GET /wp-content/themes/twentytwenty/404.php HTTP/1.1" 404 68416 "-" "-"
20.151.131.235 - - [27/Apr/2026:13:46:53 +0000] "GET /wp-good.php HTTP/1.1" 404 68416 "-" "-"
20.151.131.235 - - [27/Apr/2026:13:46:54 +0000] "GET /wp-admin/js/widgets/ HTTP/1.1" 404 68416 "-" "-"
20.151.131.235 - - [27/Apr/2026:13:46:55 +0000] "GET /wp-admin/css/colors/midnight/ HTTP/1.1" 404 68416 "-" "-"
20.151.131.235 - - [27/Apr/2026:13:46:56 +0000] "GET /tes.php HTTP/1.1" 404 68416 "-" "-"
20.151.131.235 - - [27/Apr/2026:13:46:57 +0000] "GET /files/index.php HTTP/1.1" 301 - "-" "-"
20.151.131.235 - - [27/Apr/2026:13:46:57 +0000] "GET /files/ HTTP/1.1" 404 68416 "-" "-"
20.151.131.235 - - [27/Apr/2026:13:46:58 +0000] "GET /wp-content/uploads/index.php HTTP/1.1" 301 - "-" "-"
20.151.131.235 - - [27/Apr/2026:13:46:59 +0000] "GET /wp-content/uploads/ HTTP/1.1" 404 68416 "-" "-"
20.151.131.235 - - [27/Apr/2026:13:46:59 +0000] "GET /images/images/about.php HTTP/1.1" 404 68416 "-" "-"
20.151.131.235 - - [27/Apr/2026:13:47:00 +0000] "GET /ms-edit.php HTTP/1.1" 404 68416 "-" "-"
20.151.131.235 - - [27/Apr/2026:13:47:01 +0000] "GET /rip.php HTTP/1.1" 404 68416 "-" "-"
20.151.131.235 - - [27/Apr/2026:13:47:02 +0000] "GET /wp-content/uploads/ HTTP/1.1" 404 68416 "-" "-"
20.151.131.235 - - [27/Apr/2026:13:47:03 +0000] "GET /xmlrpc.php HTTP/1.1" 403 - "-" "-"
20.151.131.235 - - [27/Apr/2026:13:47:04 +0000] "GET /moon.php HTTP/1.1" 404 68416 "-" "-"
20.151.131.235 - - [27/Apr/2026:13:47:05 +0000] "GET /cache.php HTTP/1.1" 404 68416 "-" "-"
20.151.131.235 - - [27/Apr/2026:13:47:06 +0000] "GET /wp-includes/block-bindings/ HTTP/1.1" 404 68416 "-" "-"
20.151.131.235 - - [27/Apr/2026:13:47:07 +0000] "GET /wp-content/themes/ HTTP/1.1" 404 68416 "-" "-"
20.151.131.235 - - [27/Apr/2026:13:47:08 +0000] "GET /inputs.php HTTP/1.1" 404 68416 "-" "-"
20.151.131.235 - - [27/Apr/2026:13:47:09 +0000] "GET /wp-includes/images/smilies/about.php HTTP/1.1" 404 68416 "-" "-"
20.151.131.235 - - [27/Apr/2026:13:47:09 +0000] "GET /wp-includes/js/crop/ HTTP/1.1" 404 68416 "-" "-"
20.151.131.235 - - [27/Apr/2026:13:47:10 +0000] "GET /wp-mail.php HTTP/1.1" 403 2518 "-" "-"
20.151.131.235 - - [27/Apr/2026:13:47:11 +0000] "GET /o.php HTTP/1.1" 404 68416 "-" "-"
20.151.131.235 - - [27/Apr/2026:13:47:12 +0000] "GET /bb.php HTTP/1.1" 404 68416 "-" "-"
20.151.131.235 - - [27/Apr/2026:13:47:13 +0000] "GET /wp-admin/maint/admin.php HTTP/1.1" 404 68416 "-" "-"
20.151.131.235 - - [27/Apr/2026:13:47:14 +0000] "GET /wp-admin/network/ HTTP/1.1" 302 - "-" "-"
20.151.131.235 - - [27/Apr/2026:13:47:19 +0000] "GET /wp-login.php?redirect_to=https%3A%2F%2Fwww.meirpanim.fr%2Fwp-admin%2Fnetwork%2F&reauth=1 HTTP/1.1" 200 10827 "-" "-"
192.175.98.165 - - [27/Apr/2026:13:47:14 +0000] "POST /wp-admin/admin-ajax.php?action=as_async_request_queue_runner&nonce=506e8c9df2 HTTP/1.1" 200 - "-" "WordPress/6.9.4; https://www.meirpanim.fr"
20.151.131.235 - - [27/Apr/2026:13:47:20 +0000] "GET /wp-includes/IXR/index.php HTTP/1.1" 301 - "-" "-"
20.151.131.235 - - [27/Apr/2026:13:47:20 +0000] "GET /wp-includes/IXR/ HTTP/1.1" 404 68416 "-" "-"
192.175.98.165 - - [27/Apr/2026:13:47:22 +0000] "POST /wp-cron.php?doing_wp_cron=1777297642.4593160152435302734375 HTTP/1.1" 200 - "-" "WordPress/6.9.4; https://www.meirpanim.fr"
20.151.131.235 - - [27/Apr/2026:13:47:21 +0000] "GET /xmrlpc.php HTTP/1.1" 404 68416 "-" "-"
20.151.131.235 - - [27/Apr/2026:13:47:22 +0000] "GET /epinyins.php HTTP/1.1" 404 68416 "-" "-"
20.151.131.235 - - [27/Apr/2026:13:47:23 +0000] "GET /wp-admin/css/index.php HTTP/1.1" 301 - "-" "-"
20.151.131.235 - - [27/Apr/2026:13:47:24 +0000] "GET /wp-admin/css/ HTTP/1.1" 404 68416 "-" "-"
20.151.131.235 - - [27/Apr/2026:13:47:25 +0000] "GET /wp-includes/php-compat/ HTTP/1.1" 404 68416 "-" "-"
20.151.131.235 - - [27/Apr/2026:13:47:25 +0000] "GET /wp-includes/style-engine/index.php HTTP/1.1" 301 - "-" "-"
20.151.131.235 - - [27/Apr/2026:13:47:26 +0000] "GET /wp-includes/style-engine/ HTTP/1.1" 404 68416 "-" "-"
20.151.131.235 - - [27/Apr/2026:13:47:27 +0000] "GET /wp-admin/css/colors/coffee/index.php HTTP/1.1" 301 - "-" "-"
20.151.131.235 - - [27/Apr/2026:13:47:27 +0000] "GET /wp-admin/css/colors/coffee/ HTTP/1.1" 404 68416 "-" "-"
20.151.131.235 - - [27/Apr/2026:13:47:28 +0000] "GET /wp.php HTTP/1.1" 404 68416 "-" "-"
20.151.131.235 - - [27/Apr/2026:13:47:30 +0000] "GET /function/function.php HTTP/1.1" 404 68416 "-" "-"
20.151.131.235 - - [27/Apr/2026:13:47:31 +0000] "GET /wp-includes/style-engine/autoload_classmap.php HTTP/1.1" 404 68416 "-" "-"
20.151.131.235 - - [27/Apr/2026:13:47:32 +0000] "GET /wp-includes/SimplePie/admin.php HTTP/1.1" 404 68416 "-" "-"
20.151.131.235 - - [27/Apr/2026:13:47:33 +0000] "GET /ok.php HTTP/1.1" 404 68416 "-" "-"
20.151.131.235 - - [27/Apr/2026:13:47:33 +0000] "GET /item.php HTTP/1.1" 404 68416 "-" "-"
20.151.131.235 - - [27/Apr/2026:13:47:34 +0000] "GET /byp.php HTTP/1.1" 404 68416 "-" "-"
3.12.251.153 - - [27/Apr/2026:13:48:17 +0000] "HEAD / HTTP/1.1" 200 - "https://www.meirpanim.fr/" "Mozilla/5.0+(compatible; UptimeRobot/2.0; http://www.uptimerobot.com/)"
192.175.98.165 - - [27/Apr/2026:13:48:31 +0000] "POST /wp-cron.php?doing_wp_cron=1777297711.4071319103240966796875 HTTP/1.1" 200 - "-" "WordPress/6.9.4; https://www.meirpanim.fr"
52.15.147.27 - - [27/Apr/2026:13:48:30 +0000] "HEAD / HTTP/1.1" 200 - "https://www.meirpanim.fr/" "Mozilla/5.0+(compatible; UptimeRobot/2.0; http://www.uptimerobot.com/)"
192.175.98.165 - - [27/Apr/2026:13:50:52 +0000] "POST /wp-cron.php?doing_wp_cron=1777297852.5818550586700439453125 HTTP/1.1" 200 - "-" "WordPress/6.9.4; https://www.meirpanim.fr"
104.219.237.92 - - [27/Apr/2026:13:50:51 +0000] "POST /wp-login.php HTTP/1.1" 200 11184 "-" "Mozilla/5.0"
104.219.237.92 - - [27/Apr/2026:13:50:51 +0000] "POST /wp-login.php HTTP/1.1" 200 11180 "-" "Mozilla/5.0"
192.175.98.165 - - [27/Apr/2026:13:53:22 +0000] "POST /wp-cron.php?doing_wp_cron=1777298002.3119800090789794921875 HTTP/1.1" 200 - "-" "WordPress/6.9.4; https://www.meirpanim.fr"
152.32.96.6 - - [27/Apr/2026:13:53:21 +0000] "GET /programmes/aide-materielle/ HTTP/1.1" 200 89464 "-" "Opera/9.27.(X11; Linux i686; sl-SI) Presto/2.9.188 Version/12.00"
52.87.72.16 - - [27/Apr/2026:13:53:22 +0000] "HEAD / HTTP/1.1" 200 - "https://www.meirpanim.fr/" "Mozilla/5.0+(compatible; UptimeRobot/2.0; http://www.uptimerobot.com/)"
178.156.184.20 - - [27/Apr/2026:13:53:36 +0000] "HEAD / HTTP/1.1" 200 - "https://www.meirpanim.fr/" "Mozilla/5.0+(compatible; UptimeRobot/2.0; http://www.uptimerobot.com/)"
192.175.98.165 - - [27/Apr/2026:13:55:56 +0000] "POST /wp-cron.php?doing_wp_cron=1777298156.7623000144958496093750 HTTP/1.1" 200 - "-" "WordPress/6.9.4; https://www.meirpanim.fr"
45.132.115.253 - - [27/Apr/2026:13:55:56 +0000] "POST /wp-login.php HTTP/1.1" 200 11180 "-" "Mozilla/5.0"
36.41.75.167 - - [27/Apr/2026:13:56:04 +0000] "GET / HTTP/1.1" 200 117080 "http://www.meirpanim.fr" "Mozilla/5.0 (iPhone; CPU iPhone OS 13_2_3 like Mac OS X) AppleWebKit/605.1.15 (KHTML, like Gecko) Version/13.0.3 Mobile/15E148 Safari/604.1"
192.175.98.165 - - [27/Apr/2026:13:58:30 +0000] "POST /wp-cron.php?doing_wp_cron=1777298310.3712980747222900390625 HTTP/1.1" 200 - "-" "WordPress/6.9.4; https://www.meirpanim.fr"
178.156.185.127 - - [27/Apr/2026:13:58:29 +0000] "HEAD / HTTP/1.1" 200 - "https://www.meirpanim.fr/" "Mozilla/5.0+(compatible; UptimeRobot/2.0; http://www.uptimerobot.com/)"
5.161.117.52 - - [27/Apr/2026:13:58:43 +0000] "HEAD / HTTP/1.1" 200 - "https://www.meirpanim.fr/" "Mozilla/5.0+(compatible; UptimeRobot/2.0; http://www.uptimerobot.com/)"
104.219.237.92 - - [27/Apr/2026:14:00:28 +0000] "POST /wp-login.php HTTP/1.1" 200 11184 "-" "Mozilla/5.0"
192.175.98.165 - - [27/Apr/2026:14:00:29 +0000] "POST /wp-cron.php?doing_wp_cron=1777298429.3820230960845947265625 HTTP/1.1" 200 - "-" "WordPress/6.9.4; https://www.meirpanim.fr"
104.219.237.92 - - [27/Apr/2026:14:00:28 +0000] "POST /wp-login.php HTTP/1.1" 200 11180 "-" "Mozilla/5.0"
192.175.98.165 - - [27/Apr/2026:14:03:34 +0000] "POST /wp-cron.php?doing_wp_cron=1777298614.3709850311279296875000 HTTP/1.1" 200 - "-" "WordPress/6.9.4; https://www.meirpanim.fr"
178.156.185.127 - - [27/Apr/2026:14:03:33 +0000] "HEAD / HTTP/1.1" 200 - "https://www.meirpanim.fr/" "Mozilla/5.0+(compatible; UptimeRobot/2.0; http://www.uptimerobot.com/)"
18.116.205.62 - - [27/Apr/2026:14:03:47 +0000] "HEAD / HTTP/1.1" 200 - "https://www.meirpanim.fr/" "Mozilla/5.0+(compatible; UptimeRobot/2.0; http://www.uptimerobot.com/)"
148.113.128.154 - - [27/Apr/2026:14:03:57 +0000] "GET /sitemap.xml HTTP/1.1" 200 3488 "-" "Mozilla/5.0 (compatible; AhrefsBot/7.0; +http://ahrefs.com/robot/)"
192.175.98.165 - - [27/Apr/2026:14:06:59 +0000] "POST /wp-cron.php?doing_wp_cron=1777298819.5420839786529541015625 HTTP/1.1" 200 - "-" "WordPress/6.9.4; https://www.meirpanim.fr"
172.98.33.11 - - [27/Apr/2026:14:06:58 +0000] "POST /wp-login.php HTTP/1.1" 200 11180 "-" "Mozilla/5.0"
192.175.98.165 - - [27/Apr/2026:14:08:42 +0000] "POST /wp-cron.php?doing_wp_cron=1777298922.2437350749969482421875 HTTP/1.1" 200 - "-" "WordPress/6.9.4; https://www.meirpanim.fr"
178.156.185.127 - - [27/Apr/2026:14:08:41 +0000] "HEAD / HTTP/1.1" 200 - "https://www.meirpanim.fr/" "Mozilla/5.0+(compatible; UptimeRobot/2.0; http://www.uptimerobot.com/)"
5.161.113.195 - - [27/Apr/2026:14:08:52 +0000] "HEAD / HTTP/1.1" 200 - "https://www.meirpanim.fr/" "Mozilla/5.0+(compatible; UptimeRobot/2.0; http://www.uptimerobot.com/)"
192.175.98.165 - - [27/Apr/2026:14:10:03 +0000] "POST /wp-cron.php?doing_wp_cron=1777299003.7646338939666748046875 HTTP/1.1" 200 - "-" "WordPress/6.9.4; https://www.meirpanim.fr"
104.219.237.92 - - [27/Apr/2026:14:10:03 +0000] "POST /wp-login.php HTTP/1.1" 200 11180 "-" "Mozilla/5.0"
104.219.237.92 - - [27/Apr/2026:14:10:03 +0000] "POST /wp-login.php HTTP/1.1" 200 11184 "-" "Mozilla/5.0"
192.175.98.165 - - [27/Apr/2026:14:11:21 +0000] "POST /wp-cron.php?doing_wp_cron=1777299081.2457709312438964843750 HTTP/1.1" 200 - "-" "WordPress/6.9.4; https://www.meirpanim.fr"
49.51.233.95 - - [27/Apr/2026:14:11:20 +0000] "GET / HTTP/1.1" 200 117080 "http://meirpanim.fr" "Mozilla/5.0 (iPhone; CPU iPhone OS 13_2_3 like Mac OS X) AppleWebKit/605.1.15 (KHTML, like Gecko) Version/13.0.3 Mobile/15E148 Safari/604.1"
192.175.98.165 - - [27/Apr/2026:14:13:47 +0000] "POST /wp-cron.php?doing_wp_cron=1777299227.2576758861541748046875 HTTP/1.1" 200 - "-" "WordPress/6.9.4; https://www.meirpanim.fr"
3.12.251.153 - - [27/Apr/2026:14:13:46 +0000] "HEAD / HTTP/1.1" 200 - "https://www.meirpanim.fr/" "Mozilla/5.0+(compatible; UptimeRobot/2.0; http://www.uptimerobot.com/)"
178.156.189.249 - - [27/Apr/2026:14:13:57 +0000] "HEAD / HTTP/1.1" 200 - "https://www.meirpanim.fr/" "Mozilla/5.0+(compatible; UptimeRobot/2.0; http://www.uptimerobot.com/)"
192.175.98.165 - - [27/Apr/2026:14:16:30 +0000] "POST /wp-cron.php?doing_wp_cron=1777299390.7950210571289062500000 HTTP/1.1" 200 - "-" "WordPress/6.9.4; https://www.meirpanim.fr"
216.73.216.219 - - [27/Apr/2026:14:16:30 +0000] "GET /sitemap.xml HTTP/1.1" 200 3488 "-" "Mozilla/5.0 AppleWebKit/537.36 (KHTML, like Gecko; compatible; ClaudeBot/1.0; +claudebot@anthropic.com)"
192.175.98.165 - - [27/Apr/2026:14:17:25 +0000] "POST /wp-cron.php?doing_wp_cron=1777299445.4297618865966796875000 HTTP/1.1" 200 - "-" "WordPress/6.9.4; https://www.meirpanim.fr"
45.132.115.250 - - [27/Apr/2026:14:17:24 +0000] "POST /wp-login.php HTTP/1.1" 200 11180 "-" "Mozilla/5.0"
192.175.98.165 - - [27/Apr/2026:14:18:56 +0000] "POST /wp-cron.php?doing_wp_cron=1777299536.0804779529571533203125 HTTP/1.1" 200 - "-" "WordPress/6.9.4; https://www.meirpanim.fr"
178.156.185.127 - - [27/Apr/2026:14:18:55 +0000] "HEAD / HTTP/1.1" 200 - "https://www.meirpanim.fr/" "Mozilla/5.0+(compatible; UptimeRobot/2.0; http://www.uptimerobot.com/)"
178.156.185.231 - - [27/Apr/2026:14:19:05 +0000] "HEAD / HTTP/1.1" 200 - "https://www.meirpanim.fr/" "Mozilla/5.0+(compatible; UptimeRobot/2.0; http://www.uptimerobot.com/)"
104.219.237.92 - - [27/Apr/2026:14:19:42 +0000] "POST /wp-login.php HTTP/1.1" 200 11184 "-" "Mozilla/5.0"
192.175.98.165 - - [27/Apr/2026:14:19:43 +0000] "POST /wp-cron.php?doing_wp_cron=1777299583.0728380680084228515625 HTTP/1.1" 200 - "-" "WordPress/6.9.4; https://www.meirpanim.fr"
104.219.237.92 - - [27/Apr/2026:14:19:42 +0000] "POST /wp-login.php HTTP/1.1" 200 11180 "-" "Mozilla/5.0"
192.175.98.165 - - [27/Apr/2026:14:24:00 +0000] "POST /wp-cron.php?doing_wp_cron=1777299840.8035259246826171875000 HTTP/1.1" 200 - "-" "WordPress/6.9.4; https://www.meirpanim.fr"
3.149.57.90 - - [27/Apr/2026:14:24:00 +0000] "HEAD / HTTP/1.1" 200 - "https://www.meirpanim.fr/" "Mozilla/5.0+(compatible; UptimeRobot/2.0; http://www.uptimerobot.com/)"
52.87.72.16 - - [27/Apr/2026:14:24:10 +0000] "HEAD / HTTP/1.1" 200 - "https://www.meirpanim.fr/" "Mozilla/5.0+(compatible; UptimeRobot/2.0; http://www.uptimerobot.com/)"
192.175.98.165 - - [27/Apr/2026:14:25:41 +0000] "POST /wp-cron.php?doing_wp_cron=1777299941.8759629726409912109375 HTTP/1.1" 200 - "-" "WordPress/6.9.4; https://www.meirpanim.fr"
52.253.104.46 - - [27/Apr/2026:14:25:41 +0000] "GET /wp-content/plugins/admin.php HTTP/1.1" 301 - "-" "Mozilla/5.0 (Windows NT 10.0; Win64; x64) AppleWebKit/537.36 (KHTML, like Gecko) Chrome/120.0.0.0 Safari/537.36"
52.253.104.46 - - [27/Apr/2026:14:25:42 +0000] "GET /admin.php HTTP/1.1" 301 - "-" "Mozilla/5.0 (Windows NT 10.0; Win64; x64) AppleWebKit/537.36 (KHTML, like Gecko) Chrome/120.0.0.0 Safari/537.36"
52.253.104.46 - - [27/Apr/2026:14:25:42 +0000] "GET /wk/index.php HTTP/1.1" 301 - "-" "Mozilla/5.0 (Windows NT 10.0; Win64; x64) AppleWebKit/537.36 (KHTML, like Gecko) Chrome/120.0.0.0 Safari/537.36"
52.253.104.46 - - [27/Apr/2026:14:25:43 +0000] "GET /supyffqkrnyxagxcjucnCdefault.php HTTP/1.1" 301 - "-" "Mozilla/5.0 (Windows NT 10.0; Win64; x64) AppleWebKit/537.36 (KHTML, like Gecko) Chrome/120.0.0.0 Safari/537.36"
52.253.104.46 - - [27/Apr/2026:14:25:43 +0000] "GET /elp.php HTTP/1.1" 301 - "-" "Mozilla/5.0 (Windows NT 10.0; Win64; x64) AppleWebKit/537.36 (KHTML, like Gecko) Chrome/120.0.0.0 Safari/537.36"
52.253.104.46 - - [27/Apr/2026:14:25:44 +0000] "GET /adminfuns.php HTTP/1.1" 301 - "-" "Mozilla/5.0 (Windows NT 10.0; Win64; x64) AppleWebKit/537.36 (KHTML, like Gecko) Chrome/120.0.0.0 Safari/537.36"
52.253.104.46 - - [27/Apr/2026:14:25:45 +0000] "GET /.tmb/cloud.php HTTP/1.1" 301 - "-" "Mozilla/5.0 (Windows NT 10.0; Win64; x64) AppleWebKit/537.36 (KHTML, like Gecko) Chrome/120.0.0.0 Safari/537.36"
52.253.104.46 - - [27/Apr/2026:14:25:45 +0000] "GET /php8.php HTTP/1.1" 301 - "-" "Mozilla/5.0 (Windows NT 10.0; Win64; x64) AppleWebKit/537.36 (KHTML, like Gecko) Chrome/120.0.0.0 Safari/537.36"
52.253.104.46 - - [27/Apr/2026:14:25:46 +0000] "GET /.well-known HTTP/1.1" 301 281 "-" "Mozilla/5.0 (Windows NT 10.0; Win64; x64) AppleWebKit/537.36 (KHTML, like Gecko) Chrome/120.0.0.0 Safari/537.36"
52.253.104.46 - - [27/Apr/2026:14:25:46 +0000] "GET /inputs.php HTTP/1.1" 301 - "-" "Mozilla/5.0 (Windows NT 10.0; Win64; x64) AppleWebKit/537.36 (KHTML, like Gecko) Chrome/120.0.0.0 Safari/537.36"
52.253.104.46 - - [27/Apr/2026:14:25:47 +0000] "GET /goods.php HTTP/1.1" 301 - "-" "Mozilla/5.0 (Windows NT 10.0; Win64; x64) AppleWebKit/537.36 (KHTML, like Gecko) Chrome/120.0.0.0 Safari/537.36"
52.253.104.46 - - [27/Apr/2026:14:25:47 +0000] "GET /classwithtostring.php HTTP/1.1" 301 - "-" "Mozilla/5.0 (Windows NT 10.0; Win64; x64) AppleWebKit/537.36 (KHTML, like Gecko) Chrome/120.0.0.0 Safari/537.36"
52.253.104.46 - - [27/Apr/2026:14:25:48 +0000] "GET /simple.php HTTP/1.1" 301 - "-" "Mozilla/5.0 (Windows NT 10.0; Win64; x64) AppleWebKit/537.36 (KHTML, like Gecko) Chrome/120.0.0.0 Safari/537.36"
52.253.104.46 - - [27/Apr/2026:14:25:48 +0000] "GET /wp-mail.php HTTP/1.1" 403 2518 "-" "Mozilla/5.0 (Windows NT 10.0; Win64; x64) AppleWebKit/537.36 (KHTML, like Gecko) Chrome/120.0.0.0 Safari/537.36"
52.253.104.46 - - [27/Apr/2026:14:25:49 +0000] "GET /about.php HTTP/1.1" 301 - "-" "Mozilla/5.0 (Windows NT 10.0; Win64; x64) AppleWebKit/537.36 (KHTML, like Gecko) Chrome/120.0.0.0 Safari/537.36"
52.253.104.46 - - [27/Apr/2026:14:25:50 +0000] "GET /1.php HTTP/1.1" 301 - "-" "Mozilla/5.0 (Windows NT 10.0; Win64; x64) AppleWebKit/537.36 (KHTML, like Gecko) Chrome/120.0.0.0 Safari/537.36"
52.253.104.46 - - [27/Apr/2026:14:25:50 +0000] "GET /file.php HTTP/1.1" 301 - "-" "Mozilla/5.0 (Windows NT 10.0; Win64; x64) AppleWebKit/537.36 (KHTML, like Gecko) Chrome/120.0.0.0 Safari/537.36"
52.253.104.46 - - [27/Apr/2026:14:25:51 +0000] "GET /404.php HTTP/1.1" 301 - "-" "Mozilla/5.0 (Windows NT 10.0; Win64; x64) AppleWebKit/537.36 (KHTML, like Gecko) Chrome/120.0.0.0 Safari/537.36"
52.253.104.46 - - [27/Apr/2026:14:25:52 +0000] "GET /wp-login.php HTTP/1.1" 200 10768 "-" "Mozilla/5.0 (Windows NT 10.0; Win64; x64) AppleWebKit/537.36 (KHTML, like Gecko) Chrome/120.0.0.0 Safari/537.36"
52.253.104.46 - - [27/Apr/2026:14:25:52 +0000] "GET /index.php/feed/atom HTTP/1.1" 301 - "-" "Mozilla/5.0 (Windows NT 10.0; Win64; x64) AppleWebKit/537.36 (KHTML, like Gecko) Chrome/120.0.0.0 Safari/537.36"
52.253.104.46 - - [27/Apr/2026:14:25:53 +0000] "GET /php.php HTTP/1.1" 301 - "-" "Mozilla/5.0 (Windows NT 10.0; Win64; x64) AppleWebKit/537.36 (KHTML, like Gecko) Chrome/120.0.0.0 Safari/537.36"
52.253.104.46 - - [27/Apr/2026:14:25:53 +0000] "GET /wp-includes/Text/Diff/Engine.php HTTP/1.1" 301 - "-" "Mozilla/5.0 (Windows NT 10.0; Win64; x64) AppleWebKit/537.36 (KHTML, like Gecko) Chrome/120.0.0.0 Safari/537.36"
52.253.104.46 - - [27/Apr/2026:14:25:54 +0000] "GET /wp-content/admin.php HTTP/1.1" 301 - "-" "Mozilla/5.0 (Windows NT 10.0; Win64; x64) AppleWebKit/537.36 (KHTML, like Gecko) Chrome/120.0.0.0 Safari/537.36"
52.253.104.46 - - [27/Apr/2026:14:25:55 +0000] "GET /wp-content/themes/admin.php HTTP/1.1" 301 - "-" "Mozilla/5.0 (Windows NT 10.0; Win64; x64) AppleWebKit/537.36 (KHTML, like Gecko) Chrome/120.0.0.0 Safari/537.36"
52.253.104.46 - - [27/Apr/2026:14:25:55 +0000] "GET /7.php HTTP/1.1" 301 - "-" "Mozilla/5.0 (Windows NT 10.0; Win64; x64) AppleWebKit/537.36 (KHTML, like Gecko) Chrome/120.0.0.0 Safari/537.36"
52.253.104.46 - - [27/Apr/2026:14:25:56 +0000] "GET /wp-content/index.php HTTP/1.1" 200 - "-" "Mozilla/5.0 (Windows NT 10.0; Win64; x64) AppleWebKit/537.36 (KHTML, like Gecko) Chrome/120.0.0.0 Safari/537.36"
52.253.104.46 - - [27/Apr/2026:14:25:56 +0000] "GET /.well-known/acme-challenge/index.php HTTP/1.1" 301 - "-" "Mozilla/5.0 (Windows NT 10.0; Win64; x64) AppleWebKit/537.36 (KHTML, like Gecko) Chrome/120.0.0.0 Safari/537.36"
52.253.104.46 - - [27/Apr/2026:14:25:57 +0000] "GET /atomlib.php HTTP/1.1" 301 - "-" "Mozilla/5.0 (Windows NT 10.0; Win64; x64) AppleWebKit/537.36 (KHTML, like Gecko) Chrome/120.0.0.0 Safari/537.36"
52.253.104.46 - - [27/Apr/2026:14:25:57 +0000] "GET /chosen.php HTTP/1.1" 301 - "-" "Mozilla/5.0 (Windows NT 10.0; Win64; x64) AppleWebKit/537.36 (KHTML, like Gecko) Chrome/120.0.0.0 Safari/537.36"
52.253.104.46 - - [27/Apr/2026:14:25:58 +0000] "GET /css.php HTTP/1.1" 301 - "-" "Mozilla/5.0 (Windows NT 10.0; Win64; x64) AppleWebKit/537.36 (KHTML, like Gecko) Chrome/120.0.0.0 Safari/537.36"
52.253.104.46 - - [27/Apr/2026:14:25:59 +0000] "GET /files.php HTTP/1.1" 301 - "-" "Mozilla/5.0 (Windows NT 10.0; Win64; x64) AppleWebKit/537.36 (KHTML, like Gecko) Chrome/120.0.0.0 Safari/537.36"
52.253.104.46 - - [27/Apr/2026:14:25:59 +0000] "GET /index/function.php HTTP/1.1" 301 - "-" "Mozilla/5.0 (Windows NT 10.0; Win64; x64) AppleWebKit/537.36 (KHTML, like Gecko) Chrome/120.0.0.0 Safari/537.36"
52.253.104.46 - - [27/Apr/2026:14:26:00 +0000] "GET /buy.php HTTP/1.1" 301 - "-" "Mozilla/5.0 (Windows NT 10.0; Win64; x64) AppleWebKit/537.36 (KHTML, like Gecko) Chrome/120.0.0.0 Safari/537.36"
52.253.104.46 - - [27/Apr/2026:14:26:00 +0000] "GET /info.php HTTP/1.1" 301 - "-" "Mozilla/5.0 (Windows NT 10.0; Win64; x64) AppleWebKit/537.36 (KHTML, like Gecko) Chrome/120.0.0.0 Safari/537.36"
52.253.104.46 - - [27/Apr/2026:14:26:01 +0000] "GET /wp.php HTTP/1.1" 301 - "-" "Mozilla/5.0 (Windows NT 10.0; Win64; x64) AppleWebKit/537.36 (KHTML, like Gecko) Chrome/120.0.0.0 Safari/537.36"
52.253.104.46 - - [27/Apr/2026:14:26:02 +0000] "GET /wp-content/uploads/index.php HTTP/1.1" 301 - "-" "Mozilla/5.0 (Windows NT 10.0; Win64; x64) AppleWebKit/537.36 (KHTML, like Gecko) Chrome/120.0.0.0 Safari/537.36"
52.253.104.46 - - [27/Apr/2026:14:26:02 +0000] "GET /wp-config-sample.php HTTP/1.1" 500 2431 "-" "Mozilla/5.0 (Windows NT 10.0; Win64; x64) AppleWebKit/537.36 (KHTML, like Gecko) Chrome/120.0.0.0 Safari/537.36"
52.253.104.46 - - [27/Apr/2026:14:26:03 +0000] "GET /wp-content/themes/x/bypass.php HTTP/1.1" 301 - "-" "Mozilla/5.0 (Windows NT 10.0; Win64; x64) AppleWebKit/537.36 (KHTML, like Gecko) Chrome/120.0.0.0 Safari/537.36"
52.253.104.46 - - [27/Apr/2026:14:26:04 +0000] "GET /666.php HTTP/1.1" 301 - "-" "Mozilla/5.0 (Windows NT 10.0; Win64; x64) AppleWebKit/537.36 (KHTML, like Gecko) Chrome/120.0.0.0 Safari/537.36"
52.253.104.46 - - [27/Apr/2026:14:26:04 +0000] "GET /bgymj.php HTTP/1.1" 301 - "-" "Mozilla/5.0 (Windows NT 10.0; Win64; x64) AppleWebKit/537.36 (KHTML, like Gecko) Chrome/120.0.0.0 Safari/537.36"
52.253.104.46 - - [27/Apr/2026:14:26:05 +0000] "GET /control.php HTTP/1.1" 301 - "-" "Mozilla/5.0 (Windows NT 10.0; Win64; x64) AppleWebKit/537.36 (KHTML, like Gecko) Chrome/120.0.0.0 Safari/537.36"
52.253.104.46 - - [27/Apr/2026:14:26:06 +0000] "GET /randkeyword.PhP7 HTTP/1.1" 301 - "-" "Mozilla/5.0 (Windows NT 10.0; Win64; x64) AppleWebKit/537.36 (KHTML, like Gecko) Chrome/120.0.0.0 Safari/537.36"
52.253.104.46 - - [27/Apr/2026:14:26:06 +0000] "GET /wp-content/plugins/core-plugin/include.php HTTP/1.1" 301 - "-" "Mozilla/5.0 (Windows NT 10.0; Win64; x64) AppleWebKit/537.36 (KHTML, like Gecko) Chrome/120.0.0.0 Safari/537.36"
52.253.104.46 - - [27/Apr/2026:14:26:07 +0000] "GET /wp-includes/assets/ty.php HTTP/1.1" 301 - "-" "Mozilla/5.0 (Windows NT 10.0; Win64; x64) AppleWebKit/537.36 (KHTML, like Gecko) Chrome/120.0.0.0 Safari/537.36"
52.253.104.46 - - [27/Apr/2026:14:26:08 +0000] "GET /file61.php HTTP/1.1" 301 - "-" "Mozilla/5.0 (Windows NT 10.0; Win64; x64) AppleWebKit/537.36 (KHTML, like Gecko) Chrome/120.0.0.0 Safari/537.36"
52.253.104.46 - - [27/Apr/2026:14:26:08 +0000] "GET /p.php HTTP/1.1" 301 - "-" "Mozilla/5.0 (Windows NT 10.0; Win64; x64) AppleWebKit/537.36 (KHTML, like Gecko) Chrome/120.0.0.0 Safari/537.36"
52.253.104.46 - - [27/Apr/2026:14:26:09 +0000] "GET /ms-edit.php HTTP/1.1" 301 - "-" "Mozilla/5.0 (Windows NT 10.0; Win64; x64) AppleWebKit/537.36 (KHTML, like Gecko) Chrome/120.0.0.0 Safari/537.36"
52.253.104.46 - - [27/Apr/2026:14:26:10 +0000] "GET /alfanew.PHP7 HTTP/1.1" 301 - "-" "Mozilla/5.0 (Windows NT 10.0; Win64; x64) AppleWebKit/537.36 (KHTML, like Gecko) Chrome/120.0.0.0 Safari/537.36"
52.253.104.46 - - [27/Apr/2026:14:26:10 +0000] "GET /cgi-bin HTTP/1.1" 301 277 "-" "Mozilla/5.0 (Windows NT 10.0; Win64; x64) AppleWebKit/537.36 (KHTML, like Gecko) Chrome/120.0.0.0 Safari/537.36"
52.253.104.46 - - [27/Apr/2026:14:26:10 +0000] "GET /dx.php HTTP/1.1" 301 - "-" "Mozilla/5.0 (Windows NT 10.0; Win64; x64) AppleWebKit/537.36 (KHTML, like Gecko) Chrome/120.0.0.0 Safari/537.36"
52.253.104.46 - - [27/Apr/2026:14:26:11 +0000] "GET /wp-admin/maint/index.php HTTP/1.1" 301 - "-" "Mozilla/5.0 (Windows NT 10.0; Win64; x64) AppleWebKit/537.36 (KHTML, like Gecko) Chrome/120.0.0.0 Safari/537.36"
52.253.104.46 - - [27/Apr/2026:14:26:12 +0000] "GET /.well-known/pki-validation HTTP/1.1" 301 296 "-" "Mozilla/5.0 (Windows NT 10.0; Win64; x64) AppleWebKit/537.36 (KHTML, like Gecko) Chrome/120.0.0.0 Safari/537.36"
52.253.104.46 - - [27/Apr/2026:14:26:12 +0000] "GET /doc.php HTTP/1.1" 301 - "-" "Mozilla/5.0 (Windows NT 10.0; Win64; x64) AppleWebKit/537.36 (KHTML, like Gecko) Chrome/120.0.0.0 Safari/537.36"
52.253.104.46 - - [27/Apr/2026:14:26:12 +0000] "GET /tool.php HTTP/1.1" 301 - "-" "Mozilla/5.0 (Windows NT 10.0; Win64; x64) AppleWebKit/537.36 (KHTML, like Gecko) Chrome/120.0.0.0 Safari/537.36"
52.253.104.46 - - [27/Apr/2026:14:26:13 +0000] "GET /xx.php HTTP/1.1" 301 - "-" "Mozilla/5.0 (Windows NT 10.0; Win64; x64) AppleWebKit/537.36 (KHTML, like Gecko) Chrome/120.0.0.0 Safari/537.36"
52.253.104.46 - - [27/Apr/2026:14:26:14 +0000] "GET /xxx.php HTTP/1.1" 301 - "-" "Mozilla/5.0 (Windows NT 10.0; Win64; x64) AppleWebKit/537.36 (KHTML, like Gecko) Chrome/120.0.0.0 Safari/537.36"
52.253.104.46 - - [27/Apr/2026:14:26:14 +0000] "GET /100.php HTTP/1.1" 301 - "-" "Mozilla/5.0 (Windows NT 10.0; Win64; x64) AppleWebKit/537.36 (KHTML, like Gecko) Chrome/120.0.0.0 Safari/537.36"
52.253.104.46 - - [27/Apr/2026:14:26:15 +0000] "GET /wp-admin/network/about.php HTTP/1.1" 302 - "-" "Mozilla/5.0 (Windows NT 10.0; Win64; x64) AppleWebKit/537.36 (KHTML, like Gecko) Chrome/120.0.0.0 Safari/537.36"
52.253.104.46 - - [27/Apr/2026:14:26:16 +0000] "GET /wp-blog.php HTTP/1.1" 301 - "-" "Mozilla/5.0 (Windows NT 10.0; Win64; x64) AppleWebKit/537.36 (KHTML, like Gecko) Chrome/120.0.0.0 Safari/537.36"
52.253.104.46 - - [27/Apr/2026:14:26:16 +0000] "GET /wp-content/themes/index.php HTTP/1.1" 301 - "-" "Mozilla/5.0 (Windows NT 10.0; Win64; x64) AppleWebKit/537.36 (KHTML, like Gecko) Chrome/120.0.0.0 Safari/537.36"
52.253.104.46 - - [27/Apr/2026:14:26:17 +0000] "GET /wp-includes/images HTTP/1.1" 301 288 "-" "Mozilla/5.0 (Windows NT 10.0; Win64; x64) AppleWebKit/537.36 (KHTML, like Gecko) Chrome/120.0.0.0 Safari/537.36"
52.253.104.46 - - [27/Apr/2026:14:26:17 +0000] "GET /data.php HTTP/1.1" 301 - "-" "Mozilla/5.0 (Windows NT 10.0; Win64; x64) AppleWebKit/537.36 (KHTML, like Gecko) Chrome/120.0.0.0 Safari/537.36"
52.253.104.46 - - [27/Apr/2026:14:26:18 +0000] "GET /ioxi-o.php HTTP/1.1" 301 - "-" "Mozilla/5.0 (Windows NT 10.0; Win64; x64) AppleWebKit/537.36 (KHTML, like Gecko) Chrome/120.0.0.0 Safari/537.36"
52.253.104.46 - - [27/Apr/2026:14:26:18 +0000] "GET /as.php HTTP/1.1" 301 - "-" "Mozilla/5.0 (Windows NT 10.0; Win64; x64) AppleWebKit/537.36 (KHTML, like Gecko) Chrome/120.0.0.0 Safari/537.36"
52.253.104.46 - - [27/Apr/2026:14:26:19 +0000] "GET /term.php HTTP/1.1" 301 - "-" "Mozilla/5.0 (Windows NT 10.0; Win64; x64) AppleWebKit/537.36 (KHTML, like Gecko) Chrome/120.0.0.0 Safari/537.36"
52.253.104.46 - - [27/Apr/2026:14:26:19 +0000] "GET /vx.php HTTP/1.1" 301 - "-" "Mozilla/5.0 (Windows NT 10.0; Win64; x64) AppleWebKit/537.36 (KHTML, like Gecko) Chrome/120.0.0.0 Safari/537.36"
52.253.104.46 - - [27/Apr/2026:14:26:20 +0000] "GET /wp-includes/PHPMailer HTTP/1.1" 301 291 "-" "Mozilla/5.0 (Windows NT 10.0; Win64; x64) AppleWebKit/537.36 (KHTML, like Gecko) Chrome/120.0.0.0 Safari/537.36"
52.253.104.46 - - [27/Apr/2026:14:26:20 +0000] "GET /a7.php HTTP/1.1" 301 - "-" "Mozilla/5.0 (Windows NT 10.0; Win64; x64) AppleWebKit/537.36 (KHTML, like Gecko) Chrome/120.0.0.0 Safari/537.36"
52.253.104.46 - - [27/Apr/2026:14:26:21 +0000] "GET /wp-admin/css/colors/ectoplasm HTTP/1.1" 301 299 "-" "Mozilla/5.0 (Windows NT 10.0; Win64; x64) AppleWebKit/537.36 (KHTML, like Gecko) Chrome/120.0.0.0 Safari/537.36"
52.253.104.46 - - [27/Apr/2026:14:26:21 +0000] "GET /wp-content/themes/seotheme/mar.php HTTP/1.1" 301 - "-" "Mozilla/5.0 (Windows NT 10.0; Win64; x64) AppleWebKit/537.36 (KHTML, like Gecko) Chrome/120.0.0.0 Safari/537.36"
192.175.98.165 - - [27/Apr/2026:14:26:22 +0000] "POST /wp-cron.php?doing_wp_cron=1777299982.5818989276885986328125 HTTP/1.1" 200 - "-" "WordPress/6.9.4; https://www.meirpanim.fr"
52.253.104.46 - - [27/Apr/2026:14:26:22 +0000] "GET /222.php HTTP/1.1" 301 - "-" "Mozilla/5.0 (Windows NT 10.0; Win64; x64) AppleWebKit/537.36 (KHTML, like Gecko) Chrome/120.0.0.0 Safari/537.36"
52.253.104.46 - - [27/Apr/2026:14:26:22 +0000] "GET /7logs.php HTTP/1.1" 301 - "-" "Mozilla/5.0 (Windows NT 10.0; Win64; x64) AppleWebKit/537.36 (KHTML, like Gecko) Chrome/120.0.0.0 Safari/537.36"
52.253.104.46 - - [27/Apr/2026:14:26:23 +0000] "GET /a.php HTTP/1.1" 301 - "-" "Mozilla/5.0 (Windows NT 10.0; Win64; x64) AppleWebKit/537.36 (KHTML, like Gecko) Chrome/120.0.0.0 Safari/537.36"
52.253.104.46 - - [27/Apr/2026:14:26:23 +0000] "GET /abc.php HTTP/1.1" 301 - "-" "Mozilla/5.0 (Windows NT 10.0; Win64; x64) AppleWebKit/537.36 (KHTML, like Gecko) Chrome/120.0.0.0 Safari/537.36"
52.253.104.46 - - [27/Apr/2026:14:26:24 +0000] "GET /fone1.php HTTP/1.1" 301 - "-" "Mozilla/5.0 (Windows NT 10.0; Win64; x64) AppleWebKit/537.36 (KHTML, like Gecko) Chrome/120.0.0.0 Safari/537.36"
52.253.104.46 - - [27/Apr/2026:14:26:25 +0000] "GET /lib.php HTTP/1.1" 301 - "-" "Mozilla/5.0 (Windows NT 10.0; Win64; x64) AppleWebKit/537.36 (KHTML, like Gecko) Chrome/120.0.0.0 Safari/537.36"
52.253.104.46 - - [27/Apr/2026:14:26:25 +0000] "GET /sadcut1.php HTTP/1.1" 301 - "-" "Mozilla/5.0 (Windows NT 10.0; Win64; x64) AppleWebKit/537.36 (KHTML, like Gecko) Chrome/120.0.0.0 Safari/537.36"
52.253.104.46 - - [27/Apr/2026:14:26:26 +0000] "GET /wp-includes/interactivity-api/index.php HTTP/1.1" 301 - "-" "Mozilla/5.0 (Windows NT 10.0; Win64; x64) AppleWebKit/537.36 (KHTML, like Gecko) Chrome/120.0.0.0 Safari/537.36"
52.253.104.46 - - [27/Apr/2026:14:26:27 +0000] "GET /xmlrpc.php HTTP/1.1" 403 - "-" "Mozilla/5.0 (Windows NT 10.0; Win64; x64) AppleWebKit/537.36 (KHTML, like Gecko) Chrome/120.0.0.0 Safari/537.36"
52.253.104.46 - - [27/Apr/2026:14:26:27 +0000] "GET /aa.php HTTP/1.1" 301 - "-" "Mozilla/5.0 (Windows NT 10.0; Win64; x64) AppleWebKit/537.36 (KHTML, like Gecko) Chrome/120.0.0.0 Safari/537.36"
52.253.104.46 - - [27/Apr/2026:14:26:28 +0000] "GET /admin.php/wp-includes/certificates/about.php HTTP/1.1" 301 - "-" "Mozilla/5.0 (Windows NT 10.0; Win64; x64) AppleWebKit/537.36 (KHTML, like Gecko) Chrome/120.0.0.0 Safari/537.36"
52.253.104.46 - - [27/Apr/2026:14:26:28 +0000] "GET /amax.php HTTP/1.1" 301 - "-" "Mozilla/5.0 (Windows NT 10.0; Win64; x64) AppleWebKit/537.36 (KHTML, like Gecko) Chrome/120.0.0.0 Safari/537.36"
52.253.104.46 - - [27/Apr/2026:14:26:29 +0000] "GET /av.php HTTP/1.1" 301 - "-" "Mozilla/5.0 (Windows NT 10.0; Win64; x64) AppleWebKit/537.36 (KHTML, like Gecko) Chrome/120.0.0.0 Safari/537.36"
52.253.104.46 - - [27/Apr/2026:14:26:30 +0000] "GET /function/function.php HTTP/1.1" 301 - "-" "Mozilla/5.0 (Windows NT 10.0; Win64; x64) AppleWebKit/537.36 (KHTML, like Gecko) Chrome/120.0.0.0 Safari/537.36"
52.253.104.46 - - [27/Apr/2026:14:26:30 +0000] "GET /modules/mod_footer/tmpl/index.php HTTP/1.1" 301 - "-" "Mozilla/5.0 (Windows NT 10.0; Win64; x64) AppleWebKit/537.36 (KHTML, like Gecko) Chrome/120.0.0.0 Safari/537.36"
52.253.104.46 - - [27/Apr/2026:14:26:31 +0000] "GET /wp-admin/js/index.php HTTP/1.1" 301 - "-" "Mozilla/5.0 (Windows NT 10.0; Win64; x64) AppleWebKit/537.36 (KHTML, like Gecko) Chrome/120.0.0.0 Safari/537.36"
52.253.104.46 - - [27/Apr/2026:14:26:32 +0000] "GET /wp-content/plugins/WordPressCore/include.php HTTP/1.1" 301 - "-" "Mozilla/5.0 (Windows NT 10.0; Win64; x64) AppleWebKit/537.36 (KHTML, like Gecko) Chrome/120.0.0.0 Safari/537.36"
52.253.104.46 - - [27/Apr/2026:14:26:32 +0000] "GET /wp-content/plugins/index.php HTTP/1.1" 301 - "-" "Mozilla/5.0 (Windows NT 10.0; Win64; x64) AppleWebKit/537.36 (KHTML, like Gecko) Chrome/120.0.0.0 Safari/537.36"
52.253.104.46 - - [27/Apr/2026:14:26:33 +0000] "GET /wp-content/upgrade/index.php HTTP/1.1" 301 - "-" "Mozilla/5.0 (Windows NT 10.0; Win64; x64) AppleWebKit/537.36 (KHTML, like Gecko) Chrome/120.0.0.0 Safari/537.36"
52.253.104.46 - - [27/Apr/2026:14:26:33 +0000] "GET /ahax.php HTTP/1.1" 301 - "-" "Mozilla/5.0 (Windows NT 10.0; Win64; x64) AppleWebKit/537.36 (KHTML, like Gecko) Chrome/120.0.0.0 Safari/537.36"
52.253.104.46 - - [27/Apr/2026:14:26:34 +0000] "GET /alfa.php HTTP/1.1" 301 - "-" "Mozilla/5.0 (Windows NT 10.0; Win64; x64) AppleWebKit/537.36 (KHTML, like Gecko) Chrome/120.0.0.0 Safari/537.36"
52.253.104.46 - - [27/Apr/2026:14:26:35 +0000] "GET /bolt.php HTTP/1.1" 301 - "-" "Mozilla/5.0 (Windows NT 10.0; Win64; x64) AppleWebKit/537.36 (KHTML, like Gecko) Chrome/120.0.0.0 Safari/537.36"
52.253.104.46 - - [27/Apr/2026:14:26:35 +0000] "GET /wp-content/themes/about.php HTTP/1.1" 301 - "-" "Mozilla/5.0 (Windows NT 10.0; Win64; x64) AppleWebKit/537.36 (KHTML, like Gecko) Chrome/120.0.0.0 Safari/537.36"
52.253.104.46 - - [27/Apr/2026:14:26:36 +0000] "GET /wp-includes/Text/index.php HTTP/1.1" 301 - "-" "Mozilla/5.0 (Windows NT 10.0; Win64; x64) AppleWebKit/537.36 (KHTML, like Gecko) Chrome/120.0.0.0 Safari/537.36"
52.253.104.46 - - [27/Apr/2026:14:26:36 +0000] "GET /wp-signin.php HTTP/1.1" 301 - "-" "Mozilla/5.0 (Windows NT 10.0; Win64; x64) AppleWebKit/537.36 (KHTML, like Gecko) Chrome/120.0.0.0 Safari/537.36"
52.253.104.46 - - [27/Apr/2026:14:26:37 +0000] "GET /x.php HTTP/1.1" 301 - "-" "Mozilla/5.0 (Windows NT 10.0; Win64; x64) AppleWebKit/537.36 (KHTML, like Gecko) Chrome/120.0.0.0 Safari/537.36"
52.253.104.46 - - [27/Apr/2026:14:26:38 +0000] "GET /about/function.php HTTP/1.1" 301 - "-" "Mozilla/5.0 (Windows NT 10.0; Win64; x64) AppleWebKit/537.36 (KHTML, like Gecko) Chrome/120.0.0.0 Safari/537.36"
52.253.104.46 - - [27/Apr/2026:14:26:38 +0000] "GET /bless.php HTTP/1.1" 301 - "-" "Mozilla/5.0 (Windows NT 10.0; Win64; x64) AppleWebKit/537.36 (KHTML, like Gecko) Chrome/120.0.0.0 Safari/537.36"
52.253.104.46 - - [27/Apr/2026:14:26:39 +0000] "GET /content.php HTTP/1.1" 301 - "-" "Mozilla/5.0 (Windows NT 10.0; Win64; x64) AppleWebKit/537.36 (KHTML, like Gecko) Chrome/120.0.0.0 Safari/537.36"
52.253.104.46 - - [27/Apr/2026:14:26:40 +0000] "GET /radio.php HTTP/1.1" 301 - "-" "Mozilla/5.0 (Windows NT 10.0; Win64; x64) AppleWebKit/537.36 (KHTML, like Gecko) Chrome/120.0.0.0 Safari/537.36"
52.253.104.46 - - [27/Apr/2026:14:26:40 +0000] "GET /wp-content/about.php HTTP/1.1" 301 - "-" "Mozilla/5.0 (Windows NT 10.0; Win64; x64) AppleWebKit/537.36 (KHTML, like Gecko) Chrome/120.0.0.0 Safari/537.36"
52.253.104.46 - - [27/Apr/2026:14:26:41 +0000] "GET /wp-content/uploads/admin.php HTTP/1.1" 301 - "-" "Mozilla/5.0 (Windows NT 10.0; Win64; x64) AppleWebKit/537.36 (KHTML, like Gecko) Chrome/120.0.0.0 Safari/537.36"
52.253.104.46 - - [27/Apr/2026:14:26:41 +0000] "GET /wp-includes/pomo HTTP/1.1" 301 286 "-" "Mozilla/5.0 (Windows NT 10.0; Win64; x64) AppleWebKit/537.36 (KHTML, like Gecko) Chrome/120.0.0.0 Safari/537.36"
52.253.104.46 - - [27/Apr/2026:14:26:41 +0000] "GET /.dj/index.php HTTP/1.1" 301 - "-" "Mozilla/5.0 (Windows NT 10.0; Win64; x64) AppleWebKit/537.36 (KHTML, like Gecko) Chrome/120.0.0.0 Safari/537.36"
52.253.104.46 - - [27/Apr/2026:14:26:42 +0000] "GET /aaa.php HTTP/1.1" 301 - "-" "Mozilla/5.0 (Windows NT 10.0; Win64; x64) AppleWebKit/537.36 (KHTML, like Gecko) Chrome/120.0.0.0 Safari/537.36"
57.141.20.27 - - [27/Apr/2026:14:26:42 +0000] "GET /don-pessah-2026/ HTTP/1.1" 200 73741 "-" "meta-externalagent/1.1 (+https://developers.facebook.com/docs/sharing/webmasters/crawler)"
52.253.104.46 - - [27/Apr/2026:14:26:43 +0000] "GET /abcd.php HTTP/1.1" 301 - "-" "Mozilla/5.0 (Windows NT 10.0; Win64; x64) AppleWebKit/537.36 (KHTML, like Gecko) Chrome/120.0.0.0 Safari/537.36"
52.253.104.46 - - [27/Apr/2026:14:26:43 +0000] "GET /admin/function.php HTTP/1.1" 301 - "-" "Mozilla/5.0 (Windows NT 10.0; Win64; x64) AppleWebKit/537.36 (KHTML, like Gecko) Chrome/120.0.0.0 Safari/537.36"
192.175.98.165 - - [27/Apr/2026:14:27:53 +0000] "POST /wp-cron.php?doing_wp_cron=1777300073.3070960044860839843750 HTTP/1.1" 200 - "-" "WordPress/6.9.4; https://www.meirpanim.fr"
172.98.33.13 - - [27/Apr/2026:14:27:52 +0000] "POST /wp-login.php HTTP/1.1" 200 11180 "-" "Mozilla/5.0"
192.175.98.165 - - [27/Apr/2026:14:29:05 +0000] "POST /wp-cron.php?doing_wp_cron=1777300145.3335258960723876953125 HTTP/1.1" 200 - "-" "WordPress/6.9.4; https://www.meirpanim.fr"
3.149.57.90 - - [27/Apr/2026:14:29:04 +0000] "HEAD / HTTP/1.1" 200 - "https://www.meirpanim.fr/" "Mozilla/5.0+(compatible; UptimeRobot/2.0; http://www.uptimerobot.com/)"
3.20.63.178 - - [27/Apr/2026:14:29:14 +0000] "HEAD / HTTP/1.1" 200 - "https://www.meirpanim.fr/" "Mozilla/5.0+(compatible; UptimeRobot/2.0; http://www.uptimerobot.com/)"
104.219.237.92 - - [27/Apr/2026:14:29:16 +0000] "POST /wp-login.php HTTP/1.1" 200 11184 "-" "Mozilla/5.0"
104.219.237.92 - - [27/Apr/2026:14:29:16 +0000] "POST /wp-login.php HTTP/1.1" 200 11180 "-" "Mozilla/5.0"
192.175.98.165 - - [27/Apr/2026:14:31:56 +0000] "POST /wp-cron.php?doing_wp_cron=1777300316.2251150608062744140625 HTTP/1.1" 200 - "-" "WordPress/6.9.4; https://www.meirpanim.fr"
103.189.97.134 - - [27/Apr/2026:14:31:55 +0000] "GET /nos-evenements/ HTTP/1.1" 200 82852 "-" "Mozilla/5.0 (Windows; U; Windows CE) AppleWebKit/533.18.1 (KHTML, like Gecko) Version/5.0 Safari/533.18.1"
192.175.98.165 - - [27/Apr/2026:14:33:27 +0000] "POST /wp-cron.php?doing_wp_cron=1777300407.1386590003967285156250 HTTP/1.1" 200 - "-" "WordPress/6.9.4; https://www.meirpanim.fr"
57.141.20.35 - - [27/Apr/2026:14:33:26 +0000] "GET /page-sitemap.xml HTTP/1.1" 404 68416 "-" "meta-externalagent/1.1 (+https://developers.facebook.com/docs/sharing/webmasters/crawler)"
52.15.147.27 - - [27/Apr/2026:14:34:10 +0000] "HEAD / HTTP/1.1" 200 - "https://www.meirpanim.fr/" "Mozilla/5.0+(compatible; UptimeRobot/2.0; http://www.uptimerobot.com/)"
3.212.128.62 - - [27/Apr/2026:14:34:21 +0000] "HEAD / HTTP/1.1" 200 - "https://www.meirpanim.fr/" "Mozilla/5.0+(compatible; UptimeRobot/2.0; http://www.uptimerobot.com/)"
192.175.98.165 - - [27/Apr/2026:14:36:44 +0000] "POST /wp-cron.php?doing_wp_cron=1777300604.4694230556488037109375 HTTP/1.1" 200 - "-" "WordPress/6.9.4; https://www.meirpanim.fr"
54.39.0.127 - - [27/Apr/2026:14:36:43 +0000] "GET /qui-sommes-nous/nos-bureaux/ HTTP/1.1" 200 104140 "-" "Mozilla/5.0 (compatible; AhrefsBot/7.0; +http://ahrefs.com/robot/)"
192.175.98.165 - - [27/Apr/2026:14:38:20 +0000] "POST /wp-cron.php?doing_wp_cron=1777300700.5208609104156494140625 HTTP/1.1" 200 - "-" "WordPress/6.9.4; https://www.meirpanim.fr"
45.132.115.253 - - [27/Apr/2026:14:38:19 +0000] "POST /wp-login.php HTTP/1.1" 200 11180 "-" "Mozilla/5.0"
192.175.98.165 - - [27/Apr/2026:14:38:53 +0000] "POST /wp-cron.php?doing_wp_cron=1777300733.1077759265899658203125 HTTP/1.1" 200 - "-" "WordPress/6.9.4; https://www.meirpanim.fr"
104.219.237.92 - - [27/Apr/2026:14:38:52 +0000] "POST /wp-login.php HTTP/1.1" 200 11184 "-" "Mozilla/5.0"
104.219.237.92 - - [27/Apr/2026:14:38:52 +0000] "POST /wp-login.php HTTP/1.1" 200 11180 "-" "Mozilla/5.0"
52.87.72.16 - - [27/Apr/2026:14:39:15 +0000] "HEAD / HTTP/1.1" 200 - "https://www.meirpanim.fr/" "Mozilla/5.0+(compatible; UptimeRobot/2.0; http://www.uptimerobot.com/)"
192.175.98.165 - - [27/Apr/2026:14:39:28 +0000] "POST /wp-cron.php?doing_wp_cron=1777300768.7797238826751708984375 HTTP/1.1" 200 - "-" "WordPress/6.9.4; https://www.meirpanim.fr"
178.156.187.238 - - [27/Apr/2026:14:39:28 +0000] "HEAD / HTTP/1.1" 200 - "https://www.meirpanim.fr/" "Mozilla/5.0+(compatible; UptimeRobot/2.0; http://www.uptimerobot.com/)"
192.175.98.165 - - [27/Apr/2026:14:44:21 +0000] "POST /wp-cron.php?doing_wp_cron=1777301061.6940999031066894531250 HTTP/1.1" 200 - "-" "WordPress/6.9.4; https://www.meirpanim.fr"
52.22.236.30 - - [27/Apr/2026:14:44:21 +0000] "HEAD / HTTP/1.1" 200 - "https://www.meirpanim.fr/" "Mozilla/5.0+(compatible; UptimeRobot/2.0; http://www.uptimerobot.com/)"
5.161.113.195 - - [27/Apr/2026:14:44:32 +0000] "HEAD / HTTP/1.1" 200 - "https://www.meirpanim.fr/" "Mozilla/5.0+(compatible; UptimeRobot/2.0; http://www.uptimerobot.com/)"
104.219.237.92 - - [27/Apr/2026:14:48:32 +0000] "POST /wp-login.php HTTP/1.1" 200 11184 "-" "Mozilla/5.0"
192.175.98.165 - - [27/Apr/2026:14:48:33 +0000] "POST /wp-cron.php?doing_wp_cron=1777301312.9390459060668945312500 HTTP/1.1" 200 - "-" "WordPress/6.9.4; https://www.meirpanim.fr"
104.219.237.92 - - [27/Apr/2026:14:48:32 +0000] "POST /wp-login.php HTTP/1.1" 200 11180 "-" "Mozilla/5.0"
45.132.115.245 - - [27/Apr/2026:14:48:41 +0000] "POST /wp-login.php HTTP/1.1" 200 11180 "-" "Mozilla/5.0"
152.42.213.37 - - [27/Apr/2026:14:49:19 +0000] "GET //xmlrpc.php?rsd HTTP/1.1" 403 - "https://meirsa.co.za/wp-login.php" "Mozilla/5.0 (Windows NT 10.0; Win64; x64) AppleWebKit/537.36 (KHTML, like Gecko) Chrome/131.0.0.0 Safari/537.36"
152.42.213.37 - - [27/Apr/2026:14:49:20 +0000] "GET //blog/robots.txt HTTP/1.1" 301 - "https://meirsa.co.za/wp-login.php" "Mozilla/5.0 (Windows NT 10.0; Win64; x64) AppleWebKit/537.36 (KHTML, like Gecko) Chrome/131.0.0.0 Safari/537.36"
152.42.213.37 - - [27/Apr/2026:14:49:21 +0000] "GET //blog/ HTTP/1.1" 301 - "https://meirsa.co.za/wp-login.php" "Mozilla/5.0 (Windows NT 10.0; Win64; x64) AppleWebKit/537.36 (KHTML, like Gecko) Chrome/131.0.0.0 Safari/537.36"
192.175.98.165 - - [27/Apr/2026:14:49:22 +0000] "POST /wp-cron.php?doing_wp_cron=1777301362.5966761112213134765625 HTTP/1.1" 200 - "-" "WordPress/6.9.4; https://www.meirpanim.fr"
152.42.213.37 - - [27/Apr/2026:14:49:22 +0000] "GET //wordpress/ HTTP/1.1" 301 - "https://meirsa.co.za/wp-login.php" "Mozilla/5.0 (Windows NT 10.0; Win64; x64) AppleWebKit/537.36 (KHTML, like Gecko) Chrome/131.0.0.0 Safari/537.36"
152.42.213.37 - - [27/Apr/2026:14:49:22 +0000] "GET //wp/ HTTP/1.1" 301 - "https://meirsa.co.za/wp-login.php" "Mozilla/5.0 (Windows NT 10.0; Win64; x64) AppleWebKit/537.36 (KHTML, like Gecko) Chrome/131.0.0.0 Safari/537.36"
5.161.177.47 - - [27/Apr/2026:14:49:26 +0000] "HEAD / HTTP/1.1" 200 - "https://www.meirpanim.fr/" "Mozilla/5.0+(compatible; UptimeRobot/2.0; http://www.uptimerobot.com/)"
3.20.63.178 - - [27/Apr/2026:14:49:38 +0000] "HEAD / HTTP/1.1" 200 - "https://www.meirpanim.fr/" "Mozilla/5.0+(compatible; UptimeRobot/2.0; http://www.uptimerobot.com/)"
216.244.66.235 - - [27/Apr/2026:14:50:03 +0000] "GET /robots.txt HTTP/1.1" 200 114 "-" "Mozilla/5.0 (compatible; DotBot/1.2; +https://opensiteexplorer.org/dotbot; help@moz.com)"
192.175.98.165 - - [27/Apr/2026:14:52:59 +0000] "POST /wp-cron.php?doing_wp_cron=1777301579.8954710960388183593750 HTTP/1.1" 200 - "-" "WordPress/6.9.4; https://www.meirpanim.fr"
140.213.148.189 - - [27/Apr/2026:14:52:59 +0000] "GET /wp-includes/fonts/wala.php HTTP/1.1" 404 68428 "-" "Mozilla/5.0 (Linux; Android 10; K) AppleWebKit/537.36 (KHTML, like Gecko) Chrome/144.0.0.0 Mobile Safari/537.36"
140.213.148.189 - - [27/Apr/2026:14:53:00 +0000] "GET /wp-content/uploads/elementor/css/post-1552.css?ver=1777284258 HTTP/1.1" 304 - "https://www.meirpanim.fr/wp-includes/fonts/wala.php" "Mozilla/5.0 (Linux; Android 10; K) AppleWebKit/537.36 (KHTML, like Gecko) Chrome/144.0.0.0 Mobile Safari/537.36"
140.213.148.189 - - [27/Apr/2026:14:53:00 +0000] "GET /wp-content/uploads/elementor/css/post-193.css?ver=1777284258 HTTP/1.1" 304 - "https://www.meirpanim.fr/wp-includes/fonts/wala.php" "Mozilla/5.0 (Linux; Android 10; K) AppleWebKit/537.36 (KHTML, like Gecko) Chrome/144.0.0.0 Mobile Safari/537.36"
140.213.148.189 - - [27/Apr/2026:14:53:00 +0000] "GET /wp-content/uploads/elementor/css/post-208.css?ver=1777284258 HTTP/1.1" 304 - "https://www.meirpanim.fr/wp-includes/fonts/wala.php" "Mozilla/5.0 (Linux; Android 10; K) AppleWebKit/537.36 (KHTML, like Gecko) Chrome/144.0.0.0 Mobile Safari/537.36"
140.213.148.189 - - [27/Apr/2026:14:53:14 +0000] "GET /vendor/stripe/stripe-php/doc.php HTTP/1.1" 404 68428 "-" "Mozilla/5.0 (Linux; Android 10; K) AppleWebKit/537.36 (KHTML, like Gecko) Chrome/144.0.0.0 Mobile Safari/537.36"
192.175.98.165 - - [27/Apr/2026:14:54:24 +0000] "POST /wp-cron.php?doing_wp_cron=1777301664.7845249176025390625000 HTTP/1.1" 200 - "-" "WordPress/6.9.4; https://www.meirpanim.fr"
14.176.35.148 - - [27/Apr/2026:14:54:23 +0000] "GET /programmes/aide-alimentaire-2/ HTTP/1.1" 404 68416 "-" "Mozilla/5.0 (Windows; U; Windows 98; Win 9x 4.90) AppleWebKit/531.37.1 (KHTML, like Gecko) Version/5.0.2 Safari/531.37.1"
5.161.113.195 - - [27/Apr/2026:14:54:31 +0000] "HEAD / HTTP/1.1" 200 - "https://www.meirpanim.fr/" "Mozilla/5.0+(compatible; UptimeRobot/2.0; http://www.uptimerobot.com/)"
54.87.112.51 - - [27/Apr/2026:14:54:42 +0000] "HEAD / HTTP/1.1" 200 - "https://www.meirpanim.fr/" "Mozilla/5.0+(compatible; UptimeRobot/2.0; http://www.uptimerobot.com/)"
192.175.98.165 - - [27/Apr/2026:14:57:43 +0000] "POST /wp-cron.php?doing_wp_cron=1777301863.0401101112365722656250 HTTP/1.1" 200 - "-" "WordPress/6.9.4; https://www.meirpanim.fr"
4.193.121.6 - - [27/Apr/2026:14:57:42 +0000] "GET /1.php HTTP/1.1" 301 - "-" "Mozilla/5.0 (Windows NT 10.0; Win64; x64) AppleWebKit/537.36 (KHTML, like Gecko) Chrome/120.0.0.0 Safari/537.36"
4.193.121.6 - - [27/Apr/2026:14:57:43 +0000] "GET /wp-content/uploads/2024/ HTTP/1.1" 301 - "-" "Mozilla/5.0 (Windows NT 10.0; Win64; x64) AppleWebKit/537.36 (KHTML, like Gecko) Chrome/120.0.0.0 Safari/537.36"
4.193.121.6 - - [27/Apr/2026:14:57:44 +0000] "GET /wp-content/uploads/wp-login.php HTTP/1.1" 301 - "-" "Mozilla/5.0 (Windows NT 10.0; Win64; x64) AppleWebKit/537.36 (KHTML, like Gecko) Chrome/120.0.0.0 Safari/537.36"
4.193.121.6 - - [27/Apr/2026:14:57:44 +0000] "GET /wp-corn-sample.php HTTP/1.1" 301 - "-" "Mozilla/5.0 (Windows NT 10.0; Win64; x64) AppleWebKit/537.36 (KHTML, like Gecko) Chrome/120.0.0.0 Safari/537.36"
4.193.121.6 - - [27/Apr/2026:14:57:45 +0000] "GET /wp-content/uploads/ HTTP/1.1" 301 - "-" "Mozilla/5.0 (Windows NT 10.0; Win64; x64) AppleWebKit/537.36 (KHTML, like Gecko) Chrome/120.0.0.0 Safari/537.36"
4.193.121.6 - - [27/Apr/2026:14:57:46 +0000] "GET /wp-admin/js/index.php HTTP/1.1" 301 - "-" "Mozilla/5.0 (Windows NT 10.0; Win64; x64) AppleWebKit/537.36 (KHTML, like Gecko) Chrome/120.0.0.0 Safari/537.36"
4.193.121.6 - - [27/Apr/2026:14:57:47 +0000] "GET /wp-admin/css/index.php HTTP/1.1" 301 - "-" "Mozilla/5.0 (Windows NT 10.0; Win64; x64) AppleWebKit/537.36 (KHTML, like Gecko) Chrome/120.0.0.0 Safari/537.36"
4.193.121.6 - - [27/Apr/2026:14:57:47 +0000] "GET /server.php HTTP/1.1" 301 - "-" "Mozilla/5.0 (Windows NT 10.0; Win64; x64) AppleWebKit/537.36 (KHTML, like Gecko) Chrome/120.0.0.0 Safari/537.36"
4.193.121.6 - - [27/Apr/2026:14:57:48 +0000] "GET /wp-includes/Requests/library/ HTTP/1.1" 301 - "-" "Mozilla/5.0 (Windows NT 10.0; Win64; x64) AppleWebKit/537.36 (KHTML, like Gecko) Chrome/120.0.0.0 Safari/537.36"
4.193.121.6 - - [27/Apr/2026:14:57:49 +0000] "GET /wp-admin/js/ HTTP/1.1" 301 - "-" "Mozilla/5.0 (Windows NT 10.0; Win64; x64) AppleWebKit/537.36 (KHTML, like Gecko) Chrome/120.0.0.0 Safari/537.36"
4.193.121.6 - - [27/Apr/2026:14:57:49 +0000] "GET /wso.php HTTP/1.1" 301 - "-" "Mozilla/5.0 (Windows NT 10.0; Win64; x64) AppleWebKit/537.36 (KHTML, like Gecko) Chrome/120.0.0.0 Safari/537.36"
4.193.121.6 - - [27/Apr/2026:14:57:50 +0000] "GET /wp-includes/images/crystal/ HTTP/1.1" 301 - "-" "Mozilla/5.0 (Windows NT 10.0; Win64; x64) AppleWebKit/537.36 (KHTML, like Gecko) Chrome/120.0.0.0 Safari/537.36"
4.193.121.6 - - [27/Apr/2026:14:57:51 +0000] "GET /wp-file.php HTTP/1.1" 301 - "-" "Mozilla/5.0 (Windows NT 10.0; Win64; x64) AppleWebKit/537.36 (KHTML, like Gecko) Chrome/120.0.0.0 Safari/537.36"
4.193.121.6 - - [27/Apr/2026:14:57:51 +0000] "GET /adminfuns.php HTTP/1.1" 301 - "-" "Mozilla/5.0 (Windows NT 10.0; Win64; x64) AppleWebKit/537.36 (KHTML, like Gecko) Chrome/120.0.0.0 Safari/537.36"
4.193.121.6 - - [27/Apr/2026:14:57:52 +0000] "GET /wk/index.php HTTP/1.1" 301 - "-" "Mozilla/5.0 (Windows NT 10.0; Win64; x64) AppleWebKit/537.36 (KHTML, like Gecko) Chrome/120.0.0.0 Safari/537.36"
4.193.121.6 - - [27/Apr/2026:14:57:53 +0000] "GET /wp-admin.php HTTP/1.1" 301 - "-" "Mozilla/5.0 (Windows NT 10.0; Win64; x64) AppleWebKit/537.36 (KHTML, like Gecko) Chrome/120.0.0.0 Safari/537.36"
4.193.121.6 - - [27/Apr/2026:14:57:53 +0000] "GET /wp-content/themes/admin.php HTTP/1.1" 301 - "-" "Mozilla/5.0 (Windows NT 10.0; Win64; x64) AppleWebKit/537.36 (KHTML, like Gecko) Chrome/120.0.0.0 Safari/537.36"
4.193.121.6 - - [27/Apr/2026:14:57:54 +0000] "GET /wp-includes/block-bindings/ HTTP/1.1" 301 - "-" "Mozilla/5.0 (Windows NT 10.0; Win64; x64) AppleWebKit/537.36 (KHTML, like Gecko) Chrome/120.0.0.0 Safari/537.36"
4.193.121.6 - - [27/Apr/2026:14:57:55 +0000] "GET /xmrlpc.php HTTP/1.1" 301 - "-" "Mozilla/5.0 (Windows NT 10.0; Win64; x64) AppleWebKit/537.36 (KHTML, like Gecko) Chrome/120.0.0.0 Safari/537.36"
